10
Suppose 0 = -2*z + z + 3*o + 19, -17 = 2*z + 5*o. Let u = z + -6. Let g be (-8)/(-2)*2/u. Let d(t) = -2*t - 6. What is d(g)?
2
Let f be 0*(-4)/(-16)*4. Let s(w) be the second derivative of f - 1/2*w**2 - 2*w - 1/3*w**3. Determine s(-1).
1
Let k(v) be the second derivative of v**4/12 + v**3/3 - v**2 + 7*v. Give k(-3).
1
Let j = 4 - 4. Suppose j*s - 4*s = -36. Let x(w) = -4*w + s*w + w**2 + 2 - 2. What is x(-5)?
0
Let g(d) = d**3 - d**2 - 1. Suppose 0 = 4*p - p. Determine g(p).
-1
Let b = -2 + 2. Suppose 4*p - 20 = 3*h + 3, 5*p = 4*h + 30. Let s(x) = b + 0*x**p - 4 - 3*x - 2*x - x**2. What is s(-5)?
-4
Suppose h + 24 = 5*r, -17 = -r + 2*h - 5. Suppose 3*a - 5 = r. Let y(c) = 3 - 4 + a - c. What is y(3)?
-1
Suppose -3*s + b = -10, 3*s + 3*b = 18 + 12. Let q(z) = z**2 - 6*z + 7. Calculate q(s).
2
Let t(r) = r**3 - 2*r + 1. Let q be t(-2). Let h(x) = 6*x - 1. Calculate h(q).
-19
Let i(k) = -2*k - 2. Let p(u) = -8*u - 8. Let v(s) = -9*i(s) + 2*p(s). What is v(-5)?
-8
Let i = -5 + 10. Let f(n) = n - n - n - 4 + i. What is f(-6)?
7
Let o(x) = -11*x - 13*x + 1 + 5*x + x. What is o(1)?
-17
Let t(j) = -2*j**3 + 62*j - 7*j**2 + 6*j**3 - 67*j - 1 - 5*j**3. Determine t(-6).
-7
Let v be ((-12)/(-16))/((-2)/8). Let b(c) be the first derivative of 3*c**2 - 4. Let f(p) = -5*p - 1. Let u(l) = -3*b(l) - 4*f(l). What is u(v)?
-2
Let n(z) be the first derivative of -3*z**2/2 - z - 3. Give n(1).
-4
Let n(d) = -d + 4. Let x(c) = -4*c + 14. Let o(s) = -14*n(s) + 4*x(s). Calculate o(3).
-6
Let c be -4*20/(-8) + -3. Let a(r) = -r**2 + 3*r + 1 + 3*r + 3. Determine a(c).
-3
Suppose -4*c + 0*c - 4 = 0, -4*m - c = -15. Let v be 2 + -1 - 4/m. Let w be (-6 - v) + 8/4. Let u(b) = -b**3 - 2*b**2 + 7*b + 5. What is u(w)?
9
Let h(d) = -9*d**3 + 1. Suppose 0 = 5*r - 3*m - 11, -2*m = -2*r - m + 4. Give h(r).
-8
Let i(r) be the first derivative of 0*r**2 + 0*r + r**3 + 1 - 1/40*r**5 + 1/4*r**4. Let a(b) be the third derivative of i(b). What is a(4)?
-6
Let i be 30/9*(-9)/6. Let w(q) = 6*q - q + 0*q**2 + q**2. Give w(i).
0
Let d be 4/(-10) + (-36)/10. Let h(k) = -7*k**3 - 10*k**2 + 4*k - 7. Let x(r) = 6*r**3 + 9*r**2 - 3*r + 6. Let o(m) = -5*h(m) - 6*x(m). Determine o(d).
7
Suppose -10 = -5*b - 150. Let p = b + 41. Let d = p - 8. Let j(f) = -f + 7. Calculate j(d).
2
Let i be 2 + (-2 + 5 - 0). Suppose 29 = i*q - 1. Let p(d) = d**3 - 3 - 2*d + 0 + q - 4*d**2. Calculate p(4).
-5
Let p(n) = 2*n - 5*n + 2 - n - 3. Calculate p(1).
-5
Let a(d) = 1 + 8*d**2 + 2 - 2*d - d**2 - 8*d**2. What is a(2)?
-5
Suppose -16 = -4*p, -p = l - 1 - 0. Let w(q) = -q**2 + 4. Calculate w(l).
-5
Suppose 2*z - 2 = 10. Let a(q) = q**3 - 5*q**2 - 7*q + 9. Let m be a(z). Suppose 0 = -l, m*l + 16 = 4*o + 4*l. Let d(j) = -j**2 + 4*j - 4. What is d(o)?
-4
Let t = 21 + -24. Let x(z) be the first derivative of z**3/3 + 3*z**2/2 + z + 4. Determine x(t).
1
Suppose 2*c - 6 = -0. Suppose 0 = -m - 5*f + 30, -c*m + 2*f + 10 = m. Let d(b) = 0*b - 1 + 0*b - b. What is d(m)?
-6
Let m be (-8)/(-6) - (7 + -10 + 4). Let v(o) be the first derivative of -2*o**2 - 2*o - 1 + m*o**3. Give v(5).
3
Let p(g) = 7*g. Let c be (-34)/(-9) - 2/(-9). Suppose -3*f = -c*f + 6. Suppose -2*i + f = 4*k, 2*k = i + k. Determine p(i).
7
Let k(f) = 3*f**3 - 2*f**3 + 3*f**2 + 4*f - 2*f. Let y = -6 - -4. Give k(y).
0
Let t(o) = -o**2 + 3*o + 1. Let r = -51 + 71. Let s = r + -12. Let w = s - 4. Give t(w).
-3
Let s(o) be the third derivative of o**5/60 + o**4/8 + o**3/2 - 27*o**2. Determine s(-4).
7
Let p be ((-10)/4)/((-2)/(-4)). Let w(x) = -x**3 - x**2 + 7*x + 8. Let l(y) = -2*y**3 - y**2 + 14*y + 17. Let u(q) = -3*l(q) + 7*w(q). What is u(p)?
-5
Let h(s) be the third derivative of s**6/20 - s**5/60 + s**4/24 - s**3/6 - 11*s**2. Give h(1).
5
Let j(o) = -7*o**2 + 4*o + 4. Let x(d) = -15*d**2 + 9*d + 9. Suppose -k - 6 = -2*k. Let q(t) = k*x(t) - 13*j(t). Let z = -12 - -10. What is q(z)?
2
Let a = -6 - -4. Let p(g) be the third derivative of 5*g**4/24 + g**3/6 + g**2 - 48. What is p(a)?
-9
Suppose -6*g = -0*g + 18. Let a(j) = -j**2 - 3*j - 1. Determine a(g).
-1
Let t be (1*6)/3*2. Suppose q - 20 = -t*q. Let z(h) = -4 - q*h**2 - 6*h + 2*h + 2*h - h**3. Give z(-3).
-7
Suppose -32*t = -29*t + 9. Let i(o) = o - 1. Give i(t).
-4
Let y(t) = t**3 - 3*t**2 - t + 2. Let s(a) = 4*a**3 - 8*a**2 - 2*a + 7. Let x(b) = b. Let z be x(-7). Let i(n) = z*y(n) + 2*s(n). Calculate i(-4).
4
Let v(f) = 7*f + 4*f**2 + 4 - 5*f**3 - f + 2*f**3 + 2*f**3. What is v(5)?
9
Let u(w) be the first derivative of -w**4/4 - 5*w**3/3 - 2*w**2 - 3*w + 55. Let z be ((-1)/3 - -1)*-6. Give u(z).
-3
Let r be 3 - (-2)/(-6)*3. Suppose -2*d + 4 = r*d. Let c(i) = d - 5 - i + 0. Calculate c(-3).
-1
Let q(h) = 2*h**3 + 2*h**2 - h. Let y be q(1). Let j(f) = -3*f**3 + 12*f**2 - f - 2. Let w(p) = p**3 - 4*p**2 + 1. Let i(g) = 4*j(g) + 11*w(g). Give i(y).
0
Let y(q) = -3*q + 1. Suppose -23 + 8 = -5*a. Suppose -5*p = 5*l - 5, -3*p + a + 2 = l. Calculate y(l).
4
Let u = 4 + 1. Suppose u*i = 6*i. Let k(r) = -r**3 + r + 6. Calculate k(i).
6
Let v(o) be the first derivative of 3*o**3 + 0 - 2 + o - 2*o**3. Let a = 2 + -3. Calculate v(a).
4
Let j(l) = -6*l - 36. Let t be j(-7). Let k(d) be the third derivative of -d**5/60 + d**4/6 + 7*d**3/6 + 2*d**2. Determine k(t).
-5
Let s(c) = -c + 4. Let o be (-6)/(-4)*(-24)/12. What is s(o)?
7
Let b(y) = -y + 1. Let q(l) = -l**2 + l. Let z(p) = 3*b(p) + q(p). Suppose 5*j - 11 = -1. What is z(j)?
-5
Suppose 3*b + 23 = -b + 5*z, -3*b - 5*z = -9. Let j(d) = d**3 + 3*d**2 + d + 1. What is j(b)?
3
Let k(n) be the second derivative of n**3/6 - 2*n**2 + 26*n. Let p = -2 + 5. Determine k(p).
-1
Let r(h) = h**2 + 1. Let w(l) = 6*l**2 - 4*l + 5. Let n(j) = -3*r(j) + w(j). Let o be n(2). Let i(a) = a**3 - 5*a**2 - 6*a - 5. What is i(o)?
-5
Let q(u) be the first derivative of u**5/20 - 5*u**4/12 - 7*u**3/6 + 5*u**2/2 - 6*u + 7. Let l(k) be the first derivative of q(k). Calculate l(6).
-1
Let v(t) be the first derivative of -t**2/2 - t - 16. Let n(m) = m + 10. Let a(k) = -1. Let f(y) = a(y) + n(y). Let z(p) = f(p) + 3*v(p). Give z(5).
-4
Let m(t) = 4*t - 1. Suppose v + 2*v - 12 = -4*w, -3 = -w + 4*v. What is m(w)?
11
Let x(n) = 3*n - 6 - 7*n - 6 - 2*n**2 + 11. Give x(-3).
-7
Let j(i) = -2 - i**2 + 8*i + 7 + 2*i**2. Determine j(-6).
-7
Let a(u) = u - 3. Let n(p) = p. Let q(y) = -3*y + 10. Let o(b) = 4*n(b) + q(b). Let c be o(-15). Determine a(c).
-8
Suppose -2*s = -5*t - 27, -t + 2*s - 1 - 6 = 0. Let l = -4 - -8. Let j(n) = -l*n + n + 2*n + 4. Determine j(t).
9
Let a(g) = 2*g + 5. Suppose 0 = m + 2*d + 3, -m + 0*m + 4*d = 9. Give a(m).
-5
Let n(d) be the third derivative of -d**6/120 - d**5/10 - d**4/4 - d**3 + d**2. Let t = -33 + 28. Calculate n(t).
-1
Let d(g) be the first derivative of g**4/4 - 5*g**3/3 - g**2/2 - 5*g + 16. Calculate d(5).
-10
Let z(l) = 2*l**3 - 15*l**2 + 7*l - 7. Let n(f) = f**3 - 8*f**2 + 4*f - 3. Let p(k) = -5*n(k) + 3*z(k). What is p(5)?
-1
Let r be 1 - (3 - (-75)/(-36)). Let u(h) be the second derivative of -r*h**4 + 0 - 2/3*h**3 - 2*h + 0*h**2. Calculate u(-4).
0
Let q(f) = f**3 + 2*f**2 - 3*f. Let d(s) = s**2 - 9*s - 10. Let t be d(7). Let l = t + 21. Determine q(l).
0
Let l(o) be the first derivative of o**2/2 + 2*o + 20. Calculate l(2).
4
Suppose -2*l = -t - 7, -2*t = -1 - 1. Let v(a) = 4*a - 2 - 1 + 0. Determine v(l).
13
Suppose 10*p - 12 = 6*p. Let d(f) be the first derivative of 2*f - f**2 - 1/3*f**p + 4. Calculate d(-3).
-1
Let m(n) = -n**2 - 4*n - 1. Suppose 2*a = -3*i + 16, -3*a + 17 = 2*i - i. Suppose i*o - 1 = 3. Suppose -o*t + 1 + 10 = -3*j, -5*j = -4*t + 19. Give m(j).
2
Let u(z) be the third derivative of -z**5/60 + z**3/6 - z**2. Let r = 12 - 10. Suppose g + 8 = 2*y - r*g, -2*y - 5*g - 24 = 0. Calculate u(y).
-3
Let c(h) = 4*h**2 - 2*h**2 + 14*h + h**3 - 8*h**2 - 15*h. Give c(6).
-6
Let h(p) be the first derivative of -p**3/3 + 2*p**2 + 3*p - 2. Suppose -3*x - 14 = -2*k, 8 = 5*x - 2. Suppose -k = 2*j - 4*s, 0 = -j + 3*j - 2*s. What is h(j)?
-2
Let l(t) = 7*t - 4. Let f be l(0). Let x(g) = g**3 + 5*g**2 + 6*g + 6. Calculate x(f).
-2
Let s be (-24)/9*6/(-4). Let b(z) be the second derivative of -z**4/12 + 5*z**3/6 - z**2 - 2*z. Calculate b(s).
2
Suppose 1 = -b + 3. Suppose 0 = b*w - 2*t - 6, -4*w + 0*t + 26 = 3*t. Let n(k) = -k**2 + 4*k + 1. D